 - 0. What is the highest common divisor of c and p?
2
Let b = 64 + -34. Suppose 7*f - 3458 = -581. Let l = -141 + f. Calculate the highest common divisor of l and b.
30
Let k = -410 + 600. Let d(o) be the second derivative of o**3/3 + 49*o**2/2 - 28*o. Let r be d(-15). What is the greatest common factor of r and k?
19
Suppose -149 - 68 = -a. Suppose 4*j - m - 3 = 0, 0 = 2*j - 5*j - m - 3. Suppose 13*c - 4*c - 279 = j. Calculate the highest common factor of c and a.
31
Suppose 2*g - g = -2. Let s = -27 + 31. Let w be ((-88)/2)/(g/s). Calculate the highest common factor of w and 8.
8
Suppose -4*j = -6*j. Suppose j = -0*r + 3*r - 12. Let x be -5 - ((-66)/3 - 3). Calculate the highest common divisor of x and r.
4
Suppose -7*s + 768 = 4*d - 11*s, d - 4*s = 207. Suppose -4*i - 2*o = -5*o - 62, -24 = -2*i + 5*o. Calculate the greatest common factor of i and d.
17
Let x be -4*2/((-8)/(-2)). Let q(s) = 12*s + 248. Let k be q(-20). Let v = k + x. What is the greatest common divisor of v and 4?
2
Let v(l) = l**3 + 2*l**2 - 3*l - 1. Let j be v(2). Let o = 89 + -13. Suppose -5*u - o = -j*u. What is the highest common factor of 133 and u?
19
Let h be -10*(-1 + (-2)/10). Suppose -3*u + h = u. Suppose u*q + 30 = 4*q. What is the highest common factor of q and 15?
15
Let p = 109 + -54. Suppose 4*d + 58 = 2*j, -9*j - d = -11*j + p. What is the greatest common factor of j and 297?
27
Suppose 3*i - 59 = -0*i + 4*n, 4*n = 5*i - 85. What is the highest common factor of i and 2977?
13
Suppose -642*w = -646*w + 224. What is the highest common divisor of 24 and w?
8
Let p = 215 + -199. Calculate the greatest common factor of 32 and p.
16
Suppose -5*y = 36*y - 1107. What is the highest common divisor of 891 and y?
27
Suppose c = 2 + 11. Let t be 1/(-6) - 1/(-6). Suppose t = -k + 22 + 4. Calculate the greatest common factor of c and k.
13
Suppose 8 + 34 = 7*r. Let q be 8/r*(27 + -12). Calculate the highest common factor of q and 4.
4
Suppose 3*s - 35 - 61 = 0. Let n be ((56/21)/1)/(2/3). Calculate the greatest common factor of s and n.
4
Let g be 1894/30 - ((-104)/120 + 1). Calculate the highest common factor of g and 21.
21
Suppose 0 = 1273*a - 1272*a - 150. Calculate the highest common factor of a and 90.
30
Let w = 1077 - 1049. Calculate the highest common divisor of 686 and w.
14
Suppose 3*g = -2*g + 45. Let h be (0 + g/(-15))*-5. Let x = 46 + -19. What is the highest common divisor of x and h?
3
Let i = -42 + 92. Let f = 16 - 7. Suppose -3*h = -21 - f. What is the highest common divisor of h and i?
10
Let q(o) = o**2 - 15*o - 51. Let c be q(18). Let k = 6 + -4. Suppose k*m + 4*p = -m + 95, -2*m = -5*p - 71. What is the highest common divisor of m and c?
3
Let w(m) = 2*m**3 - 2*m**2 + m + 2. Let a be w(2). Let q = 74 - 66. Calculate the greatest common factor of a and q.
4
Suppose 30*f = 27*f + 15. Suppose 15 = w - 4*g - 5, f*g - 53 = -2*w. What is the greatest common divisor of w and 36?
12
Suppose -4*n - 4*v + 184 - 68 = 0, 0 = -5*n + 5*v + 125. Let j = n + -19. What is the greatest common factor of j and 64?
8
Let w be (6 - -5) + (0 - 1). Let r(o) = -3*o**3 - 5*o**2 - o. Let q be r(-4). Let t = -46 + q. What is the greatest common divisor of w and t?
10
Let x be (-11)/4*(-15 - (-11)/1). Let h = 14 + -9. Suppose 0 = 2*d - 3*n - 117, 3*n - 427 = -h*d - 82. What is the highest common factor of d and x?
11
Suppose 2*a + 26 = 4*b, -21 = -3*b + 3*a - 0*a. Suppose 3*y - 3*u = -b*u + 90, 5*y = -u + 166. Calculate the greatest common factor of 85 and y.
17
Let o = -20 + 24. Suppose 11 = -2*v - 3*i, -5*v = i + o - 9. What is the highest common divisor of 2 and v?
2
Suppose -h + b + 164 = 2*h, 212 = 4*h - 3*b. Suppose 5*k - 4*m = 3*k + h, -2*m - 10 = 0. Calculate the greatest common factor of 54 and k.
18
Let l(v) = 2*v. Let r be l(4). Let y(k) = -k**3 - 5*k**2 - 5*k - 2. Let f be y(-4). Suppose 9 + 55 = f*j. Calculate the greatest common divisor of j and r.
8
Let w be (7/1)/(1/2). Suppose -2*v + 3*p = -5*v - 63, 0 = 3*v - 2*p + 43. Let m = 24 + v. Calculate the highest common divisor of m and w.
7
Let f = -2070 - -2410. What is the highest common divisor of f and 4?
4
Let g = 35 - -5. Suppose -5*c + 185 = -g. Suppose h + 4*h - c = 5*y, 3*h + y = 47. What is the greatest common divisor of 126 and h?
14
Suppose -4*s = -5*z - 9, -2*s - z = 2*s + 21. Let n be 143/2 + (-2)/s. Let j = 19 - 1. What is the greatest common factor of j and n?
18
Suppose -2*t = -t - 54. Suppose 2*z - t = -20. Let b = z + -7. Calculate the greatest common divisor of b and 25.
5
Let z(n) = 12*n - 8. Let x be z(-12). Let p = 212 + x. What is the greatest common factor of 150 and p?
30
Let o = -372 - -387. Let n(j) = -j + 75. Let a be n(0). Calculate the highest common divisor of a and o.
15
Let t(k) = 2*k**2 + 34*k - 65. Let d be t(-20). Suppose -4*o = -7*o - 3*n + 3, n = -5*o + 21. Calculate the highest common factor of o and d.
5
Suppose 675 - 4503 = -12*w. What is the highest common divisor of w and 29?
29
Suppose 0 = -2*i + 3*i + 3, 2*i + 74 = 4*p. What is the greatest common factor of p and 136?
17
Let r = -1007 - -1023. Calculate the greatest common factor of r and 2.
2
Suppose 0 = -27*y + 894 + 1671. Calculate the greatest common divisor of y and 20.
5
Suppose 5*z - 48 = -y + 505, 2*y - 116 = -z. Calculate the greatest common divisor of 44 and z.
22
Let g be 6 + 74*(3 - 2). Calculate the greatest common divisor of g and 16.
16
Suppose 2*h = 5*m - 115, 7*m + 3*h = 3*m + 92. Let s be 1032/15 + (-5)/(-25). Calculate the greatest common divisor of m and s.
23
Suppose 8*b - 13013 = -4173. What is the greatest common factor of b and 85?
85
Suppose 6 = 5*s - 54. Let x be 252/(-6) - (1*-1 + -1). Let w be ((-192)/20)/(s/x). What is the greatest common factor of 4 and w?
4
Suppose 4*j - 3*x - 251 = 141, 5*x - 490 = -5*j. Suppose -205 = -5*u - 5*b, u + 2*u - 2*b - j = 0. What is the highest common divisor of 18 and u?
18
Let i be -3*-3*(-4)/18. Let t be (6/7)/(i/(-28)). What is the highest common divisor of t and 108?
12
Let c be 45 - (400/65 + 11/((-143)/2)). Let v = -4 - -6. Let t be 5*5 - (v - 3). What is the greatest common factor of t and c?
13
Suppose 25*i - 22*i + 69 = f, 0 = -3*f + 2*i + 172. Calculate the greatest common divisor of f and 4.
2
Let t(m) = 12*m + 373. Let p be t(-30). Calculate the highest common factor of p and 949.
13
Suppose 0 = 116*m - 114*m - 70. Let g be 62/7 + 5/m. Let u = 14 - -31. Calculate the highest common divisor of g and u.
9
Suppose -4*s = 5*z - 1330, -5*z + 475 = 3*s - 860. Calculate the greatest common divisor of 10 and z.
10
Suppose -5*z + 5*r + 15 = 0, -4*r = 4*z - 3 - 1. Suppose -3*x - 11 = -2*t, z*t = t + 3*x - 2. What is the greatest common factor of 52 and t?
13
Suppose 4*z - 29 = 4*s + 15, -2*z = -5*s - 13. Suppose 8*k + 784 = 15*k. What is the highest common divisor of k and z?
14
Suppose 0 = d - 2*w - 14, 23*d - 36 = 19*d + 3*w. What is the highest common divisor of d and 51?
3
Suppose 0 = o - 1 - 2. Suppose -244 = -4*g + 3*v + 2*v, -4*v + 214 = o*g. Let w = 130 - g. What is the greatest common divisor of 8 and w?
8
Let m be (-2948)/(11/(-1)) + 0 + -4. Calculate the greatest common factor of 24 and m.
24
Suppose -2*r + 22*o - 19*o = -8, -5*r = 2*o - 1. What is the highest common divisor of r and 73?
1
Let b(u) = -25*u - 231. Let a be b(-15). Calculate the highest common divisor of 12 and a.
12
Let y(b) = 26*b - 64. Let l be y(4). What is the highest common factor of 72 and l?
8
Suppose 35 - 10 = b. What is the greatest common divisor of 50 and b?
25
Suppose -2*m + 1 + 31 = 0. Suppose f - 5*f = -m. Suppose 3*y - 5*g = -7*g + 34, -g + 32 = 3*y. Calculate the greatest common divisor of f and y.
2
Let r(q) = -3 - 2*q + 5*q - 2 - 2. Let h be r(5). Suppose 5*t = h*t - 48. What is the greatest common divisor of 40 and t?
8
Suppose 0 = -22*j - 28*j + 600. What is the highest common divisor of 28 and j?
4
Let u(f) = 7*f - 10. Let a be u(7). Let b be (-9)/(0 + 1/(-39)). What is the highest common factor of a and b?
39
Suppose 9*l - 3*d = 5*l + 32, 5*l - 4*d = 41. What is the highest common factor of l and 2?
1
Suppose -3*w + 2*y + 58 = 0, -w + y = -2*y - 17. Suppose -520 = 71*z - 123*z. Calculate the highest common divisor of z and w.
10
Suppose -13 = -g + 2*g - 